{"id":17,"date":"2022-10-12T20:10:34","date_gmt":"2022-10-12T20:10:34","guid":{"rendered":"https:\/\/xn--anwltin-nordmann-xnb.de\/?page_id=17"},"modified":"2025-02-27T09:03:42","modified_gmt":"2025-02-27T09:03:42","slug":"ueber-mich","status":"publish","type":"page","link":"https:\/\/xn--anwltin-nordmann-xnb.de\/?page_id=17","title":{"rendered":"\u00dcber mich"},"content":{"rendered":"\n<p>Ich habe von 2011 bis 2016 an der Universit\u00e4t Leipzig und an der Stockholm Universitet Jura studiert. <\/p>\n\n\n\n<p>Mein Referendariat habe ich zwischen 2017 und 2021 am Landgericht Leipzig absolviert. <\/p>\n\n\n\n<p>2022 habe ich erfolgreich am Fachanw\u00e4lt*innenlehrgang Migrationsrecht teilgenommen.<\/p>\n\n\n\n<p>2024 habe ich erfolgreich am Fachanw\u00e4lt*innenlehrgang Familienrecht teilgenommen.<\/p>\n\n\n\n<p>Seit September 2022 bin ich als Anw\u00e4ltin zugelassen.<\/p>\n\n\n\n<p>Ich berate Sie gerne auf Deutsch und Englisch.<\/p>\n\n\n\n<p>Ich bin Mitglied im <a href=\"https:\/\/www.rav.de\/start\">Republikanischen Anw\u00e4ltInnenverein<\/a>.<\/p>\n\n\n\n<p><\/p>\n","protected":false},"excerpt":{"rendered":"<p>Ich habe von 2011 bis 2016 an der Universit\u00e4t Leipzig und an der Stockholm Universitet Jura studiert. Mein Referendariat habe ich zwischen 2017 und 2021 am Landgericht Leipzig absolviert. 2022 habe ich erfolgreich am Fachanw\u00e4lt*innenlehrgang Migrationsrecht teilgenommen. 2024 habe ich erfolgreich am Fachanw\u00e4lt*innenlehrgang Familienrecht teilgenommen. Seit September 2022 bin ich als Anw\u00e4ltin zugelassen. Ich berate [&hellip;]<\/p>\n","protected":false},"author":1,"featured_media":0,"parent":0,"menu_order":0,"comment_status":"closed","ping_status":"closed","template":"","meta":{"footnotes":""},"class_list":["post-17","page","type-page","status-publish","hentry"],"jetpack_sharing_enabled":true,"_links":{"self":[{"href":"https:\/\/xn--anwltin-nordmann-xnb.de\/index.php?rest_route=\/wp\/v2\/pages\/17","targetHints":{"allow":["GET"]}}],"collection":[{"href":"https:\/\/xn--anwltin-nordmann-xnb.de\/index.php?rest_route=\/wp\/v2\/pages"}],"about":[{"href":"https:\/\/xn--anwltin-nordmann-xnb.de\/index.php?rest_route=\/wp\/v2\/types\/page"}],"author":[{"embeddable":true,"href":"https:\/\/xn--anwltin-nordmann-xnb.de\/index.php?rest_route=\/wp\/v2\/users\/1"}],"replies":[{"embeddable":true,"href":"https:\/\/xn--anwltin-nordmann-xnb.de\/index.php?rest_route=%2Fwp%2Fv2%2Fcomments&post=17"}],"version-history":[{"count":7,"href":"https:\/\/xn--anwltin-nordmann-xnb.de\/index.php?rest_route=\/wp\/v2\/pages\/17\/revisions"}],"predecessor-version":[{"id":58,"href":"https:\/\/xn--anwltin-nordmann-xnb.de\/index.php?rest_route=\/wp\/v2\/pages\/17\/revisions\/58"}],"wp:attachment":[{"href":"https:\/\/xn--anwltin-nordmann-xnb.de\/index.php?rest_route=%2Fwp%2Fv2%2Fmedia&parent=17"}],"curies":[{"name":"wp","href":"https:\/\/api.w.org\/{rel}","templated":true}]}}